In base 6, what is 202020 - -350?
202410
In base 14, what is -9ca81a + 3?
-9ca817
In base 9, what is 253716 - 745?
252861
In base 7, what is -1141114560 - 2?
-1141114562
In base 2, what is -10111111001111011010110011 - -100?
-10111111001111011010101111
In base 14, what is 1 + -3218b4?
-3218b3
In base 15, what is 8ed17 - -7?
8ed1e
In base 8, what is -5 + -510335?
-510342
In base 16, what is 0 + -10a49d8?
-10a49d8
In base 6, what is 123542512 + 120?
123543032
In base 4, what is 1031003 - 1312222?
-221213
In base 15, what is -1bb4540 + 1?
-1bb453e
In base 9, what is -814 + -132521?
-133435
In base 9, what is 771 - -4750?
5631
In base 11, what is -3404738a + -3?
-34047392
In base 9, what is -313213 - 3118?
-316332
In base 14, what is 15 - 5c207?
-5c1d2
In base 15, what is -13c022c + 5?
-13c0227
In base 5, what is -340001242102 - -14?
-340001242033
In base 15, what is 1 + 19502?
19503
In base 12, what is 781679 + -33?
781646
In base 5, what is 232201320 - -4?
232201324
In base 16, what is 2a6 - 975?
-6cf
In base 13, what is 100b + -40b5?
-30a7
In base 4, what is -101130002 + -3032?
-101133100
In base 13, what is a + 2268050?
226805a
In base 14, what is 0 - d5983?
-d5983
In base 4, what is 222111022011 + 10?
222111022021
In base 10, what is -62711 + 1854?
-60857
In base 7, what is 20602100 - 4?
20602063
In base 14, what is -22d8c78 + 1?
-22d8c77
In base 9, what is 3 - 14670820?
-14670816
In base 4, what is 220031302 - -32333?
220130301
In base 14, what is -787037a8 + 1?
-787037a7
In base 4, what is 3 + 132330132133?
132330132202
In base 10, what is 5779 - 3906?
1873
In base 4, what is -1 - 132010200?
-132010201
In base 15, what is -1615e0 - -2d?
-1615b2
In base 2, what is 100100111 - -101010110000111?
101011010101110
In base 16, what is -618f8 - 1034?
-6292c
In base 11, what is -2 + -1478548?
-147854a
In base 15, what is -106a43 + 8?
-106a3a
In base 12, what is -18844 + -3067?
-1b8ab
In base 9, what is 457 - -548571?
550138
In base 5, what is -2 + -3130114140?
-3130114142
In base 8, what is 227054443 + 0?
227054443
In base 2, what is 1110010010110000010111 - 1000?
1110010010110000001111
In base 6, what is -10 + -1442550210?
-1442550220
In base 5, what is 0 + 112111314042?
112111314042
In base 13, what is -2bb + -3265?
-3553
In base 16, what is -f46 + 5ee?
-958
In base 4, what is 112 + -3323311330212?
-3323311330100
In base 8, what is -665227 + -266?
-665515
In base 14, what is -527c + -3c4?
-5662
In base 3, what is -110011100001111 + -112?
-110011100002000
In base 4, what is -12032131221232 - 1?
-12032131221233
In base 10, what is -220923987 + 5?
-220923982
In base 14, what is 7997c + 3c1?
79d5d
In base 4, what is -22132211133 - -10?
-22132211123
In base 10, what is 5625 + -396?
5229
In base 16, what is 328f0 - 22?
328ce
In base 10, what is -3 - 12065461?
-12065464
In base 11, what is -4657 - 1492?
-6039
In base 4, what is 0 + 1103221101131?
1103221101131
In base 7, what is -35052605 + 11?
-35052564
In base 4, what is -3 - 22222211101?
-22222211110
In base 7, what is -363311 - 46330?
-442641
In base 5, what is 4 - 2100232020?
-2100232011
In base 7, what is 4 - -6433650?
6433654
In base 13, what is 919a45 + 5?
919a4a
In base 15, what is 13 + -1111e25?
-1111e12
In base 3, what is 122102011001 + 20220?
122102101221
In base 13, what is 3177 - 16612?
-13468
In base 9, what is -74774633 - 0?
-74774633
In base 3, what is 12021002 - -102012222?
121111001
In base 3, what is -102111201000 - 2010021?
-102120211021
In base 11, what is -826800a02 + -1?
-826800a03
In base 9, what is -172 - 3103472?
-3103654
In base 12, what is -179777082 + -2?
-179777084
In base 12, what is 3336 + -b56?
23a0
In base 8, what is -5 + -11740554?
-11740561
In base 2, what is 1001011100100 + -1110111000101?
-101011100001
In base 2, what is 1001000000011101000000101001 + 100?
1001000000011101000000101101
In base 8, what is 673 - -3620?
4513
In base 13, what is 2 + -883832?
-883830
In base 14, what is -3c - 78a997?
-78a9d5
In base 4, what is -132233 - -11132121?
10333222
In base 9, what is 10234652 - 10?
10234642
In base 13, what is -802b - -a5?
-7c56
In base 7, what is -242215201 - -5?
-242215163
In base 5, what is -4310441223 - 104?
-4310441332
In base 16, what is -65 - -27493?
2742e
In base 2, what is 10111000011010101 - -11011110?
10111000110110011
In base 12, what is -11937 + -21294?
-3300b
In base 11, what is 50a401 + -199?
50a213
In base 16, what is 3ddd00 - -d9?
3dddd9
In base 12, what is 150 + 1a4438?
1a4588
In base 12, what is -368062 + -107?
-368169
In base 4, what is -222300002 + 11?
-222233331
In base 6, what is 152 + -520034014?
-520033422
In base 7, what is 3 - -265134236?
265134242
In base 13, what is 1 + 36477b5c?
36477b60
In base 8, what is -164330 - 14721?
-201251
In base 11, what is -133a + -91a?
-2159
In base 15, what is -3 - -2560cc?
2560c9
In base 10, what is -13 + -262544?
-262557
In base 7, what is -6 - -121531556?
121531550
In base 13, what is -1 + -7b7474?
-7b7475
In base 5, what is -41113044334 - -4?
-41113044330
In base 14, what is -9 - 37024a?
-370255
In base 13, what is 793a20 + 7?
793a27
In base 11, what is -72 + -24823?
-24895
In base 10, what is -56 - 140617?
-140673
In base 10, what is -6360 - 17369?
-23729
In base 3, what is 10 - -10212101122221?
10212101200001
In base 4, what is 303033 - 211111?
31322
In base 9, what is 70636 - 3178?
66447
In base 7, what is 12356166323 + 5?
12356166331
In base 14, what is -25b1d5 - -1?
-25b1d4
In base 10, what is 30095547 - 5?
30095542
In base 7, what is 4130 + -41426?
-34266
In base 13, what is 96a + -3686?
-2a19
In base 5, what is 3 + -3214041223?
-3214041220
In base 6, what is 20302310 - 10401?
20251505
In base 8, what is 13 - -672414?
672427
In base 6, what is -32320532 - -151?
-32320341
In base 10, what is 289676 - -17?
289693
In base 12, what is 501668 + -14?
501654
In base 4, what is -11111223133011 - -10?
-11111223133001
In base 7, what is 4022 + -104?
3615
In base 8, what is -6101 + 665?
-5214
In base 14, what is 188337 + 7?
188340
In base 4, what is 12112203223 - 3?
12112203220
In base 11, what is -3a0 + -3a76?
-4366
In base 6, what is 443 + 3043231?
3044114
In base 4, what is -1121132011002 - 13?
-1121132011021
In base 5, what is -312 + -34142400?
-34143212
In base 12, what is 241a34 - -83?
241ab7
In base 12, what is 4 + -1359417?
-1359413
In base 8, what is 27456712 + -3?
27456707
In base 3, what is 100120 - 1222111022?
-1222010202
In base 7, what is -540424462 + -2?
-540424464
In base 7, what is 32551216 - 144?
32551042
In base 3, what is 21 - -10010200010211?
10010200011002
In base 10, what is -30508 + -16?
-30524
In base 14, what is -1247d + 164?
-12319
In base 6, what is 13413 + 205323?
223140
In base 8, what is 2472221 - 5?
2472214
In base 5, what is 334202020303 - -2?
334202020310
In base 16, what is 4b + 2135ec?
213637
In base 8, what is 251320656 + -2?
251320654
In base 13, what is 448 + -17a333?
-179bb8
In base 6, what is -405 + 1031315?
1030510
In base 5, what is 20 - -21032211314?
21032211334
In base 15, what is 3697a - 150?
3682a
In base 6, what is -1522440030 - -1?
-1522440025
In base 2, what is 101 - 1111011101001000011110010?
-1111011101001000011101101
In base 11, what is -311 - -265982?
265671
In base 15, what is 1a + -3a0e80?
-3a0e65
In base 5, what is 10 - 3433430111?
-3433430101
In base 8, what is 2066 + -367114?
-365026
In base 7, what is 13344111 - 4?
13344104
In base 3, what is 121121002212 + -221?
121121001221
In base 15, what is -5 - 1442289?
-144228e
In base 15, what is -14a75 - 130?
-14ba5
In base 4, what is -3310233023200 - 2?
-3310233023202
In base 11, what is 3989667 - -4a?
3989706
In base 11, what is -217 - 247841?
-247a58
In base 5, what is -44244143 - -10?
-44244133
In base 3, what is -102111222212100 + -11?
-102111222212111
In base 10, what is 12 - -3053073?
3053085
In base 11, what is 57 + -154303?
-154257
In base 11, what is 1920 - -93a2?
10212
In base 11, what is 82a0a + -1a65?
80a55
In base 4, what is 1321102202011 - 10?
1321102202001
In base 15, what is c592c2 - -11?
c592d3
In base 5, what is 3230422101 + 1?
3230422102
In base 14, what is 3769 - -102?
386b
In base 5, what is -2200 + -10020012?
-10022212
In base 5, what is -23311134 + -1?
-23311140
In base 8, wha